factors of l?
2, 5
Let c = 139 + -11. Let j = -86 + c. What are the prime factors of j?
2, 3, 7
What are the prime factors of 5/2*-2*(-40)/10?
2, 5
Let y be (-1)/((-2)/8 - 0). Suppose -6*u = -y*u - 38. Suppose 4*h + 34 = 5*r - 19, 5*h + u = r. List the prime factors of r.
3
Suppose -k = -51 - 20. What are the prime factors of k?
71
Let l(n) = -n**3 + 10*n**2 + n - 3. Let q be l(10). List the prime factors of (-28)/q*54/(-4).
2, 3
Suppose l = -2*z - 2*z + 189, 702 = 4*l - 2*z. What are the prime factors of l?
3, 59
Let j = 40 + 33. What are the prime factors of j?
73
Let y = 202 - 135. Suppose -1 = w - 5. Suppose i + 4*z - 11 = 0, -i - 5*z = -w*i + y. What are the prime factors of i?
19
Suppose -5*s + 36 = -2*r - s, -18 = r - 4*s. What are the prime factors of ((-46)/(-4))/((-9)/r)?
23
Let k(s) = 3*s**2 - 2*s - 9. What are the prime factors of k(-5)?
2, 19
Let q(k) = k**2 + 5*k - 8. What are the prime factors of q(-10)?
2, 3, 7
Let c(j) = -j**2 + 5*j - 1. Let y be c(3). Suppose 0 = -5*x + y + 15. Suppose -x*m + 12 = -m. List the prime factors of m.
2
Let y(i) = -i + 7. Suppose -3*f - 42 = -5*q - 4, 4*f = -5*q - 4. List the prime factors of y(f).
13
Suppose 7*b - 90 = -5*h + 4*b, 0 = -5*b - 25. Suppose -2*u - 3*n - 8 = 0, 16 = 2*u - 4*u - n. Let y = h + u. What are the prime factors of y?
11
What are the prime factors of ((-12)/(-10))/(4/100)?
2, 3, 5
Let l(u) = -1 - u - 2 - 4. List the prime factors of l(-9).
2
Let y(d) = 3*d**2. Let i be (-4)/(-5) + (-5)/(-25). List the prime factors of y(i).
3
Let u(o) = 4*o**3 + 2*o**2 - o + 2. Let d(g) = -5*g**3 - g**2 + g - 2. Let p(c) = -5*d(c) - 6*u(c). Let l be p(7). What are the prime factors of (l/4)/(3/24)?
2, 5
Let a(j) = -4*j**3 + j. Let f be a(-1). Let g(l) = 3*l**2 + 2*l + 2. Let o be g(f). Suppose 3*r - c = o, 0*c - 5*c = 2*r + 5. List the prime factors of r.
2, 5
Let h(u) = 3*u - 1. Let k be h(-1). Let w be ((-3)/(-2))/((-2)/4). List the prime factors of ((-40)/(-3))/k*w.
2, 5
Let w = -35 - -59. What are the prime factors of w?
2, 3
Suppose 0 = -11*t + 7*t + 472. What are the prime factors of t?
2, 59
What are the prime factors of (-2077)/(-7) + 8/28?
3, 11
What are the prime factors of 4 - (-86 - 3) - -1?
2, 47
Let t(m) = 2*m**3 - 3*m**3 - 7 + 1 + 6*m - 3*m**2. What are the prime factors of t(-5)?
2, 7
List the prime factors of ((-18)/7)/(4/(-112)).
2, 3
Let w = -52 + 80. Suppose 2*o - 5*o = -9. Suppose -o*j + w = j. What are the prime factors of j?
7
Suppose -2*r + 4*r + 3*w + 16 = 0, 2*r - 5*w - 16 = 0. Let g be 3 + r - 2 - -49. Suppose 3*x - 7*x + g = 0. What are the prime factors of x?
2, 3
Let l be -12 - (1 + 2) - -1. Let n = 24 + l. What are the prime factors of n?
2, 5
Let l = -3 + 8. Suppose 3*q - l*a = 46, -2*q - 11 = 5*a - 0*a. Let d = q - -6. What are the prime factors of d?
13
What are the prime factors of (-1237)/(-4) + (-10)/40?
3, 103
Let a be (-8)/(-4)*(-2)/(-4). What are the prime factors of 19/2 + a/2?
2, 5
Let s(n) = -n**2 + 5*n - 4. Let b be s(6). Suppose 2*r - 106 = 5*d, 3*d - 2*d + 12 = 5*r. Let z = b - d. What are the prime factors of z?
2, 3
Let s = 370 + -162. List the prime factors of s.
2, 13
Suppose -j = 5*m - 77, -4*j - 3 + 11 = 0. Suppose r = -7 + m. What are the prime factors of r?
2
List the prime factors of 9/(-8)*(-56)/42*92.
2, 3, 23
Suppose -3*i + 11 + 1 = 0. Suppose -s - l + 8 + 0 = 0, i = s + 2*l. List the prime factors of s.
2, 3
Let m(c) = 8*c + 29. List the prime factors of m(0).
29
Let i be (36/10)/((-9)/(-30)). Suppose 2*h - i = 20. What are the prime factors of h?
2
Let v = 21 - -41. List the prime factors of v.
2, 31
List the prime factors of 138*(2 + 16/(-12)).
2, 23
Let q be (-2)/9 + 194/(-18). Let a(i) = -11*i - 5. Let v be a(-2). Let f = v + q. List the prime factors of f.
2, 3
Suppose 32 = 2*y + 2. List the prime factors of y.
3, 5
Let v be ((-6)/(-8))/(2/8). Let d = v - 1. Suppose 0 = -h + d. What are the prime factors of h?
2
Let d(l) = 11*l - 12. Let u(h) = 32*h - 35. Let a(f) = -17*d(f) + 6*u(f). Suppose -2*x = -2*i - 16, x + i - 5*i - 20 = 0. What are the prime factors of a(x)?
2, 7
Let n(s) = -s**3 + 7*s**2 + 8*s - 5. List the prime factors of n(-5).
3, 5, 17
Let v be 1 + 2 + -2 + 1. Let q = v - -12. List the prime factors of q.
2, 7
Suppose 2*l + 4*w - 10 = 0, 3*l - 11 = -2*l + 4*w. Suppose -k + 1 = -l*v - 0*v, -5*v + 2 = 2*k. Suppose v = -2*d - 2*d + 40. List the prime factors of d.
2, 5
Let f(v) = -v**2 - 5*v + 4. Let r be f(-6). Let u = r + 5. Suppose -u*n + 15 = 2*n. List the prime factors of n.
3
Suppose -5*z - r + 152 = 2*r, 12 = 3*r. Suppose -z + 74 = -2*l. Let w = l + 38. List the prime factors of w.
3, 5
Suppose 0 = 4*z - 2 + 6, 0 = -5*m - 5*z + 715. List the prime factors of m.
2, 3
Suppose -98 = -5*k + 22. What are the prime factors of k?
2, 3
Let g be -3 - ((2 - 1) + -4). Suppose 2*p + p - 48 = g. List the prime factors of p.
2
Suppose 3*l - 125 = 358. What are the prime factors of l?
7, 23
Suppose -4*a - 5 - 23 = 0. Let f(j) = -2*j - 5. List the prime factors of f(a).
3
Suppose 0*g + 7*g = 581. What are the prime factors of g?
83
Let z(s) = 5*s + 5. Let g(t) = t + 1. Let j(v) = -6*g(v) + z(v). Let l(b) = -b**3 + 2*b**2 - 2*b. Let h be l(2). List the prime factors of j(h).
3
Let n be -6*5/((-30)/4). Suppose s = n*s - 39. What are the prime factors of s?
13
Let c be (5 - 9)*5/2. List the prime factors of (-174)/(-10) + 4/c.
17
Suppose 4*g - 188 = -0*g. Suppose g = 3*r - j + 8, 0 = r + 4*j. List the prime factors of r.
2, 3
Suppose f - q = 155, 2*f - 4*f + 4*q = -314. What are the prime factors of f?
3, 17
Suppose -44 + 533 = 3*g. What are the prime factors of g?
163
Suppose 5*n + 97 = 5*v + 12, 2*v = -3*n + 14. What are the prime factors of v?
13
Let g be (-5 - -1 - -3)/(-1). Suppose -o + g = -2*o. What are the prime factors of (o/3)/((-1)/9)?
3
Let d be (0 - -1)*(48 + 5). Suppose -l + d = 4*n, 3*l = 2*n - 0*l - 9. What are the prime factors of n?
2, 3
Let o = 347 + -113. What are the prime factors of o?
2, 3, 13
Let y(b) = -b**3 + b**2 - 3*b + 261. What are the prime factors of y(0)?
3, 29
Let o = 20 - -9. List the prime factors of (1 - -1) + -2 + o.
29
Let u be (2/(-6))/((-1)/9). List the prime factors of 12/8*10/u.
5
Let y be -2*(-5)/((-40)/(-12)). Suppose y*r - 36 - 24 = 0. List the prime factors of r.
2, 5
Let f = 37 - 8. What are the prime factors of f?
29
Let q(j) = -j**2 - 10*j - 8. Let b be q(-7). Let u = 53 - b. List the prime factors of u.
2, 5
Suppose j = -2*j. Suppose 5*g - 4 = -2*v, -v + j*v + g + 2 = 0. List the prime factors of v.
2
Suppose -r - 3*h + 57 = -0*h, -4*r - 4*h + 212 = 0. What are the prime factors of r?
3, 17
Suppose -10*i + 5*i + 405 = 0. Let x = i - 48. List the prime factors of x.
3, 11
Suppose 21 = 3*n + 3. Let c(r) = 4*r - 1. Let a(z) = 2*z - 1. Let q(y) = 5*a(y) - 2*c(y). What are the prime factors of q(n)?
3
Let l = 7 + -30. Let z = -10 - l. What are the prime factors of z?
13
Let q = 9 - 9. Suppose -k - 2*k - d + 23 = q, 2*k = d + 7. List the prime factors of k.
2, 3
Suppose -4 = 3*k + k. Let c be (k - 0/1)*-2. Suppose 6 = -a - 2*a, -11 = -5*j - c*a. What are the prime factors of j?
3
List the prime factors of 2/(-15) - (-908)/60.
3, 5
Suppose -3*p = -0*p - 6. Suppose 39 = p*d + d. What are the prime factors of d?
13
Let b = -1 - -19. Suppose w = n + b, 5*n - 5 = -3*w + 17. What are the prime factors of w?
2, 7
Let n be (6 - (-2 + 4)) + 1. Let b(f) = 8 - f + n - 4. What are the prime factors of b(7)?
2
Let r be (-26)/(-7) - 4/(-14). Let b = -3 + r. List the prime factors of 5*2 - (0 + b).
3
Let v = -534 - -804. What are the prime factors of v?
2, 3, 5
Suppose 4*c + 2*l = -l + 64, 0 = l. List the prime factors of c.
2
Suppose 5*j - 164 = j. Let d = j - 19. List the prime factors of d.
2, 11
Suppose -4 + 10 = 2*j. What are the prime factors of (j + -2 + 1)*9?
2, 3
Let q be 6/(-18) + 1/3. Suppose q*t = -2*t + 4. Suppose -5*l + 51 = -o, 5*o - 2*o = -t*l + 17. List the prime factors of l.
2, 5
Let i be (-2)/(-3)*(1 + -4). Let c = 4 + i. Suppose 4*p + 0*b + c*b = 54, -3*b + 4 = -p. List the prime factors of p.
11
Let r(y) = y**2 - y - 4. Let l = 2 + -2. Let q be (2 - (l + 0))*2. List the prime factors of r(q).
2
Let k(c) = -2*c - 1. Let u be k(3). Let r be 2/7 - 33/u. Suppose 3*m - r*m = -12